 Let o(h) = -13*h - 77. Let k(a) = 4*o(a) + 5*q(a). What is the tens digit of k(16)?
3
What is the tens digit of (-24450)/(-20)*(-6 - (-36)/5)?
6
Let j(b) = 8*b**2 - 23*b**2 - 3*b**2 + 19 + 22*b + b**3. Let u be j(17). Suppose -4*s + 12 = -u. What is the units digit of s?
9
Let u be -2*(24/(-4) - -4). Suppose u*v - 97 - 81 = -2*x, 4*v + 3*x = 173. Suppose i = 2 + v. What is the tens digit of i?
4
Suppose -5*v + 5*g - 115 = 0, -59 = 2*v - g - 15. Let i(t) = -37*t + 247. What is the tens digit of i(v)?
2
Let n be (-2 - (6 - 7))*1. What is the tens digit of -4 + 1278 + 5 + n?
7
Suppose -4*n + 24 = -0*n. Let j = -840 + 1432. Suppose -n*w + 188 = -j. What is the units digit of w?
0
Let i = -3259 + 8706. What is the tens digit of i?
4
Suppose 17651 = -45*v + 419051. What is the hundreds digit of v?
9
Suppose 2*o = -4*q + 20, 3*q - 2*o - 2*o = 15. Suppose -38 = -3*v + l - q*l, -13 = 2*v - 5*l. What is the tens digit of ((-124)/10)/(v/(-15))?
3
Let l = -317 + 16. Let w = l - -333. What is the units digit of w?
2
Suppose 118880 = -24*b + 964676 + 302532. What is the units digit of b?
7
Let q(h) = -h**2 - 17*h + 18. Let p be q(-15). Suppose 0 = l + 3*l - p. What is the tens digit of l/(-54) + (-146)/(-9)?
1
Suppose -5*k - 5*w = -331290, -w + 181768 = 4*k - 83264. What is the thousands digit of k?
6
Suppose 8*p - 33 = -1. Let d = p + 8. Suppose -g = d - 86. What is the tens digit of g?
7
What is the tens digit of 6*(11 - 17 - 14/6*-695)?
9
Let q(u) = 21*u**3 + 8*u**2 + 43*u - 274. What is the thousands digit of q(5)?
2
Let c = -166 - -90. Let n = -66 - c. What is the units digit of n?
0
Let c = 13964 + -2318. What is the tens digit of c?
4
Let o = 392 + -353. Suppose o*l = 35*l + 1716. What is the units digit of l?
9
Let x be (0 + -48)/(9/6). Suppose 87*l - 82*l - 5*b = 205, 2*b = -2*l + 98. Let n = x + l. What is the tens digit of n?
1
Let l(o) be the first derivative of 11/3*o**3 - 1/4*o**4 + o**2 + 22*o + 28. What is the tens digit of l(10)?
4
Let q be (-50050)/(-45) + -1 - (-4)/(-18). Suppose 4*i - q = -311. What is the hundreds digit of i?
2
What is the hundreds digit of -1*2692/6*(-48 - (-600)/16)?
7
Let n = 72 + -214. Suppose 5*t - 740 = 930. Let k = t + n. What is the hundreds digit of k?
1
Suppose -q + 20 = 5*d, -16 = -6*q + q - 4*d. Suppose q = -y - 14 - 46. Let a = y + 102. What is the units digit of a?
2
Let r be (-5)/150*-4 + 146/30. Let p(u) = 55*u. What is the units digit of p(r)?
5
Suppose -21008 = 9*j - 5*j + m, -5*m = -20. What is the tens digit of 65/15 - 5 - j/9?
8
What is the thousands digit of 2800 - (13 + (-12 - -5 - -2))?
2
Let r be (-258765)/(-455) + (-4)/(-14). Suppose 5*i - 2*i + 1170 = 0. Let g = r + i. What is the hundreds digit of g?
1
Let t = 42630 + -22728. What is the ten thousands digit of t?
1
Suppose -4*x - 4*a - 221 = -33, 204 = -4*x + 4*a. Let n = x + 52. Suppose -m + n*d = -74 - 130, 2*d + 202 = m. What is the hundreds digit of m?
1
Let r(n) = 178*n + 1877. What is the ten thousands digit of r(76)?
1
Let n(p) = 10*p**2 + 8*p + 17. Suppose 12*i - 6 = -66. Let c(z) = -9*z**2 - 8*z - 16. Let l(m) = i*c(m) - 4*n(m). What is the units digit of l(-4)?
0
Let g = 22 + -14. Suppose g*a + 0*a = -488. Let r = -47 - a. What is the units digit of r?
4
What is the units digit of -16 - 12274/(-34) - (0 - 6)?
1
Let a(l) = 75*l - 10. Let j(g) = -1275*g + 170. Let w(q) = -35*a(q) - 2*j(q). What is the units digit of w(-3)?
5
Suppose -2*f + 5*p = -877, 2*p - 148 = -f + 277. Suppose -3*n = -0*w - 2*w + 857, w - 4*n = f. What is the tens digit of w?
2
Let f = 183 + -179. Suppose -f*n = 259 - 635. What is the tens digit of n?
9
Suppose 4*y - 3*d = 101, y + 21*d = 17*d + 49. Suppose -26*q - 2526 = -y*q. What is the hundreds digit of q?
8
Suppose 0 = 3*j - 5*r - 11467, -29*r = -25*r + 20. What is the units digit of j?
4
Suppose -5*d + 32 = -4*i, 3*i + 27 = 3*d - 2*i. Suppose d*h - 388 = 232. Suppose -14*w + h = -13*w. What is the units digit of w?
5
Let y = -10595 + 18073. What is the units digit of y?
8
Let v be 12/18 + 112/3. Let d(k) = 16 + 18*k + 21*k - v*k. What is the tens digit of d(9)?
2
Let z = 790 + -59. Suppose 5*m - 604 = z. Let h = 414 - m. What is the tens digit of h?
4
Let b(x) be the third derivative of x**5/60 - 5*x**4/6 + 31*x**3/6 + 43*x**2 + 1. What is the tens digit of b(27)?
2
Suppose -86*u - 58*u = -925138 - 4291982. What is the thousands digit of u?
6
Let d(s) = s**3 - s**2 - 1. Let z(r) = -8*r**3 + 3*r**2 + 5*r - 3. Let l(i) = 2*d(i) + z(i). Let b be 34 + -38 - (2 - 3). What is the tens digit of l(b)?
5
Suppose -33*r + 213835 = -242016 - 275561. What is the units digit of r?
4
What is the thousands digit of 68/10*(-167 - -1002)?
5
Let o(s) = s**3 - 10*s**2 - 22*s - 19. Let q be o(12). Suppose -g - i + 141 = 0, -g + q*i + 45 + 66 = 0. What is the units digit of g?
6
Let w be 15 + -16 - 2*-9. Suppose -2*g = i + 2*g + w, -2*i - 39 = 3*g. What is the units digit of (-4)/(-6) + (-2170)/i?
4
Let p(k) = -k**2 - 22*k + 53. Let g be p(-24). Suppose -5*h - x = -7555, g*h - 3*x - 7545 = -2*x. What is the tens digit of h?
1
Suppose 0*w - t = -4*w + 70392, t = w - 17598. What is the thousands digit of w?
7
Suppose -298 = -10*p + 472. Suppose s - 9 + 0 = 0. Let w = p - s. What is the units digit of w?
8
Suppose 0 = 3*o - 4*o - 239. Let s be (1 + -7)/(7/(952/12)). Let c = s - o. What is the hundreds digit of c?
1
Suppose -l - 17*y = -16*y - 21543, -86167 = -4*l - 3*y. What is the thousands digit of l?
1
What is the tens digit of 4417 - 13/((-156)/(-24))?
1
Let n(r) = -r**3 + 49*r**2 - 37*r + 118. What is the hundreds digit of n(25)?
1
Suppose m - 14 = 4*b, 2*b - 14 = 2*m - 3*m. Suppose -w = 2*r + 22, 0 = 5*r + 5*w + m + 36. What is the units digit of 2/r*-2 + 16/6?
3
Let q be (-1)/((-3)/118*2/21). Suppose -29 = 4*z - q. Suppose 3*l + 2*w + z = 5*l, -3*l = -w - 146. What is the units digit of l?
9
What is the thousands digit of (-814)/(-66)*(-4 + (0 - -1) - -2796)?
4
Suppose 0 = w - f - 14749, 3*f + 27746 = 5*w - 46001. What is the thousands digit of w?
4
What is the units digit of (-7)/(70/5356)*(-345)/23?
4
Let o = -17188 - -32634. What is the tens digit of o?
4
Let b = 73 + -69. Suppose -4 - 8 = 3*r, -5*r = -b*k + 36. Suppose 4*n = -16, k*n = -4*h - h + 699. What is the units digit of h?
3
Suppose 2*m + 0*m = -16. What is the units digit of (6 + m/1)*163/(-2)?
3
Suppose 14*y = 62*s - 64*s + 910770, -2*y - 2*s = -130122. What is the units digit of y?
4
Let y be (-1 - 462/(-15))/(1/5). Let d = 869 - y. Let j = d - 488. What is the tens digit of j?
3
Suppose -71*r = -545042 - 486943. What is the tens digit of r?
3
Let s be 5*(32/(-5))/(-8). Suppose 0 = 5*x - 3*u - 5515, 0*x - 4412 = -s*x - 2*u. What is the hundreds digit of x?
1
Suppose f - 12443 = -3*m, 20761 = -25*m + 30*m - 4*f. What is the hundreds digit of m?
1
Let a = -82347 + 153269. What is the ten thousands digit of a?
7
What is the thousands digit of (-40)/(-520) - 204745/(-65)?
3
Let h be 3745/42 - (-2)/(-12). Let x = 147 - h. Suppose t = -4*y + x, t + 7 = -3*y + 61. What is the units digit of t?
2
Let j = -71 + 86. Suppose -65 = 2*p - j*p. What is the tens digit of (-5)/p + -73*(-4 - -2)?
4
Let f(s) be the third derivative of -s**5/60 + s**4/8 + s**3/3 - 28*s**2. Let m be f(3). What is the tens digit of ((-468)/70 - m/(-7))*-20?
2
Suppose h - 2*l - 4832 = 0, -2*h = 13*l - 6565 - 3065. What is the tens digit of h?
2
Let g be 26/6 + 5/(60/8). Suppose -g*a = 0, 5*f + 0*a - 1450 = -4*a. What is the tens digit of f?
9
Let u(q) = -q**3 - 49*q**2 - 389*q - 123. What is the thousands digit of u(-49)?
8
Let f be ((-26)/6)/(-1) - 3/9. Suppose -a + 3 = 2*m - 8, 0 = f*a - 2*m - 14. Suppose -171 + 6 = -a*n. What is the tens digit of n?
3
Suppose -3*l - 126845 = -5*q, 11*q - 15*q + 4*l = -101468. What is the thousands digit of q?
5
Let p(s) = -17*s**2 - 52*s + 35. Let f(w) = -6*w**2 - 18*w + 13. Let o(j) = 11*f(j) - 4*p(j). Let r be -1 + 7/((-21)/36). What is the hundreds digit of o(r)?
2
Suppose 337*h - 303242 = 275*h. What is the units digit of h?
1
Suppose 12 = 9*y - 6. Suppose x - 2*x - 3*t + 164 = 0, -y*t - 304 = -2*x. Let m = x + 41. What is the units digit of m?
6
Let q(o) = -5*o - 56. Let b be q(-12). Suppose 0 = 4*g - g + c + 1803, -588 = g - b*c. What is the units dig